highest common divisor of u and f?
46
Let s = 826 + -431. Let r = 487 - s. Calculate the highest common divisor of 46 and r.
46
Suppose -34*t + 19*t + 120 = 0. Suppose 19*y - 2808 = -t*y. What is the greatest common divisor of 78 and y?
26
Let d(a) = -2*a**3 - 24*a**2 - 22*a + 2. Let g be d(-11). Suppose g*w + 7*u = 11*u + 12, -2*w = -5*u - 8. Calculate the highest common factor of 2 and w.
2
Let q(y) = -22*y + 6. Let w(m) = 25*m - 4. Let d(a) = -6*q(a) - 5*w(a). Let g be d(11). Calculate the highest common factor of g and 183.
61
Let c = 462 + -448. Suppose 0 = -c*v - 6*v + 1440. What is the greatest common factor of v and 99?
9
Let c(z) = -4*z**2 + 126*z - 50. Suppose -2 = 4*k + 10, -3*i + 84 = 3*k. Let j be c(i). What is the greatest common factor of j and 264?
12
Suppose 2*l + 25 = c, -5*c - 5*l + l + 195 = 0. Let n(b) = 4*b - 17. Let d be n(6). Suppose -2695 = d*g - 18*g. Calculate the highest common factor of g and c.
35
Suppose 386 + 77 = 4*a - 5*c, 0 = 4*a + c - 445. Calculate the highest common divisor of 49 and a.
7
Let c = 202 - -1075. Suppose -1299 = -7*m + c. What is the highest common factor of 46 and m?
46
Let x be -1 - 6*7546/42*(-7)/2. What is the highest common factor of x and 92?
92
Let l be (2 - (-6362)/22) + (-86)/473. What is the greatest common divisor of l and 2425?
97
Let c = 303 + -135. Let r be 4/((-7)/((-112)/(-8))). Let u be r/(-10) - (-43)/((-1720)/(-528)). What is the greatest common factor of u and c?
14
Suppose -612 = -5*z - 15*y + 12*y, 3*z - 372 = -y. What is the greatest common factor of 154 and z?
14
Suppose -94*t + 3961 = 80*t - 1607. Suppose -3*v = -9 - 327. What is the greatest common divisor of v and t?
16
Suppose 0 = 4*w - 3*n - 984, 3*w - 500 = 5*n + 249. Calculate the highest common factor of 1 and w.
1
Suppose 1 = 5*q + 11. Let h be 41*(5 - q/(-1)). What is the highest common divisor of h and 41?
41
Suppose 1092 = -171*u + 57 + 13347. Let i = 21 - 65. Let h = 92 + i. What is the highest common factor of u and h?
24
Let k be -1 - (-5)/(1/((-1)/(-1))). Let b be 3 + -4*(4 + -3). Let j be 10 + -1 + 4 + b. Calculate the highest common divisor of k and j.
4
Suppose -99549 + 33945 = -7*f. Calculate the highest common divisor of 132 and f.
132
Let l(a) = -3*a**3 + a**2 + 26*a - 6. Let y be ((-1)/3)/(16/32)*12. Let g be l(y). Calculate the highest common factor of 66 and g.
66
Let g(v) = 5*v**2 + 110*v + 4. Let x be g(-22). Let r = 82 - 48. Calculate the greatest common divisor of r and x.
2
Suppose 23*d - 237 = 3420. Let h be 1/5 + 8476/20. Calculate the greatest common factor of h and d.
53
Let v(s) = -4*s - 4*s**3 - 1 - 13 + 3*s**3 + 25*s**2 - 37*s**2. Let q be v(-12). What is the greatest common factor of 272 and q?
34
Suppose -156 - 68 = -4*n. Let w be (n/5)/(6/90). Suppose h = 13 + 8. What is the highest common factor of h and w?
21
Let w = 446 + -330. Suppose p - w = -81. Let a be (-4)/2 - (-7 + 0). What is the highest common divisor of a and p?
5
Let x = 83 - -19. Calculate the greatest common divisor of x and 4182.
102
Suppose -5*m = -5*v + 3*v - 5735, -4*m + v + 4588 = 0. What is the greatest common divisor of m and 925?
37
Let v(o) = -10*o - 4721 + 9447 - 4720. Suppose 3*s = -3*u + 3, 4*u - 1 = 2*s - 21. Let b be v(u). Calculate the highest common divisor of b and 12.
12
Suppose 156 = -31*n - 12*n + 500. Calculate the highest common divisor of n and 1352.
8
Suppose -635 = -5*h + 10*r - 2*r, 3*r - 15 = 0. Calculate the greatest common divisor of 711 and h.
9
Let r(i) = -51*i**3 - 10*i**2 - 6*i + 5. Let j be r(-4). Calculate the greatest common factor of j and 39.
13
Let g(n) = 3*n**2 + 3 - 11*n**3 + n**3 + 7*n**3 + 5*n - 2*n**3. Suppose 45 = -5*p + 35. Let u be g(p). What is the highest common divisor of u and 60?
15
Suppose 9*q + 9 = 108. Suppose -4*c + q*c = 490. Suppose c = 3*a + 40. Calculate the highest common divisor of 110 and a.
10
Suppose -114*z + 4145 + 1147 = -87*z. Let j(q) = q**2 - 9*q. Let d be j(-7). Calculate the highest common factor of d and z.
28
Suppose 1924 = 7*m - 9164. Suppose -506 = 22*r - m. Calculate the highest common factor of r and 98.
49
Suppose 15*o = -o + 48160. What is the highest common factor of 35 and o?
35
Let k(v) = v**2 - 33*v + 47. Let n be k(31). Let w be -4*(n/10 + 1) + 141. Calculate the greatest common divisor of w and 11.
11
Let r = 632 - 349. Suppose 0*h - r = -2*h + o, h - 128 = -4*o. Calculate the highest common divisor of 14 and h.
14
Let k(c) = 2*c**2 + 3*c - 3. Let o be k(-5). Suppose 5*i - 26*i + 1302 = 0. Let z = i + -46. Calculate the highest common divisor of z and o.
16
Let y be (9/(-12))/((-12)/32)*(-8 + 416). Calculate the greatest common factor of 170 and y.
34
Let m be 3432/7 + 14/637*-13. What is the greatest common factor of m and 90?
10
Let y(z) = -10*z - 398. Let k be y(-43). Let h(l) = -2*l**3 - l**2 - 2*l - 1. Let q be h(-1). What is the greatest common factor of k and q?
2
Suppose 0 = -9*o - 32*o - 82. Let u be (o - -4)/((-14)/(-77)) + -3. Let s = -3 - -75. What is the greatest common divisor of s and u?
8
Let s = 381 + -361. Suppose -1190 = -s*f - 14*f. What is the highest common factor of 14 and f?
7
Let k(j) = -j**2 + 12*j + 33. Let h be k(14). Suppose 6*c - 550 = -4*c. Calculate the highest common divisor of h and c.
5
Let g be -8 - 7130/(-20)*2. Calculate the greatest common divisor of g and 30.
15
Suppose 430 = 2*y - 5*u, -4*y + 2*u + 213 = -3*y. Suppose y = 3*i - q, q = -4*i + 165 + 106. What is the highest common factor of i and 306?
34
Let r(o) = -2*o**3 - 8*o**2 - o + 14. Let g be r(-6). Let b = g + -145. Calculate the highest common factor of 513 and b.
19
Let h(r) = 11*r + 225. Let z be h(-20). Suppose -204 = -4*v - 2*b, 48*v - 51*v - z*b = -153. What is the greatest common divisor of 816 and v?
51
Suppose 9*v = 3*v + 42. Let a(p) = 8*p + 215. Let w be a(-19). Calculate the highest common factor of w and v.
7
Suppose -35 - 82 = -13*o. Let p be ((-18)/(-15))/(10/125). Suppose p = -2*n + 51. Calculate the highest common divisor of o and n.
9
Suppose 538 = 2*x + 510. Suppose 9*n = 5*c + x*n - 215, 2*c - 3*n - 71 = 0. Let z be 4/(-5)*20/(-2). What is the greatest common factor of c and z?
8
Let l(p) = p + 16. Let v be ((-8 - -7)*-1)/((-2)/6). Let w be l(v). Let c = -50 - -154. What is the highest common divisor of w and c?
13
Let r(k) = k**3 + 87*k**2 - 2*k + 43. Let z be r(-87). What is the greatest common divisor of 28 and z?
7
Let g(h) = 20*h**2 + 4*h - 3. Let f be g(2). Suppose 5*r = -5, -3*x + 0*r - 2*r + 49 = 0. Calculate the highest common divisor of f and x.
17
Suppose 128*t - 830 - 834 = 0. Suppose -3*v + 15 = -24. What is the highest common factor of t and v?
13
Suppose 23*f = -581 + 2191. Suppose f = -109*o + 114*o. Calculate the highest common divisor of o and 406.
14
Let h = -2 + 27. Let j = h - -15. Let p be (-166)/(-16) + (408/(-64) - 24/(-4)). What is the highest common factor of j and p?
10
Let a = 633 - 407. Calculate the highest common divisor of 30962 and a.
226
Let s = 4052 - 4008. Calculate the greatest common divisor of s and 253.
11
Let i = -11 - -25. Let x(g) = -11*g**2 - 10 + 0*g - g + g**3 + i*g**2 + 6*g**2. Let f be x(-6). What is the greatest common factor of 8 and f?
8
Let f = 6783 - 5883. What is the greatest common divisor of f and 36?
36
Let s = -742 + 994. What is the highest common factor of s and 2709?
63
Suppose 60 + 210 = -2*w - 4*i, 0 = i + 5. Let c = w + 190. Let o be c/3 + (32/6 - 6). Calculate the greatest common factor of 42 and o.
21
Let d(u) = u + 7. Let y be d(-6). Let t be 150/(-240) + 42/16. What is the greatest common factor of y and t?
1
Suppose -5*s + 231 = 2*a, -19 = -4*a - 7. Suppose 10*n + 15 + 5 = 0. Let i be 36*(5/20 - n/8). Calculate the greatest common factor of s and i.
9
Suppose -35*p = -19*p - 512. Let j(r) = -6*r**3 - 2*r**2 + r + 3. Let w be j(-3). What is the greatest common divisor of w and p?
16
Let s be 0 - -2 - (0 - -2). Suppose -9*a + 6*a + 57 = s. Let o = -6 + a. What is the greatest common factor of 13 and o?
13
Let r(l) = 2*l**2 + 9*l + 27. Suppose 110 = 15*h + 20. Let v be 0 - 27/h - 3/2. Let w be r(v). What is the greatest common factor of w and 18?
9
Let z(l) = -l**3 - 16*l**2 - 30*l - 16. Let k be z(-14). Suppose -71*i - k = -73*i. Calculate the